{"id":173,"date":"2021-03-04T18:54:48","date_gmt":"2021-03-04T18:54:48","guid":{"rendered":"https:\/\/saratilman.nl\/?page_id=173"},"modified":"2021-03-05T07:38:40","modified_gmt":"2021-03-05T07:38:40","slug":"werken-met-de-microscoop","status":"publish","type":"page","link":"https:\/\/saratilman.nl\/?page_id=173","title":{"rendered":"Werken met de microscoop"},"content":{"rendered":"\n<p class=\"has-normal-font-size\">Voor we met de microscoop kunnen werken moeten we eerst weten uit welke onderdelen hij bestaat.<br>Op het plaatje staan alle onderdelen aangegeven. Misschien ziet de microscoop die jij gebruikt er anders uit. De onderdelen zullen waarschijnlijk wel hetzelfde zijn.<\/p>\n\n\n\n<figure class=\"wp-block-image is-resized\"><img loading=\"lazy\" decoding=\"async\" src=\"https:\/\/saratilman.nl\/wp-content\/uploads\/2021\/03\/image-4.png\" alt=\"\" class=\"wp-image-175\" width=\"669\" height=\"420\" srcset=\"https:\/\/saratilman.nl\/wp-content\/uploads\/2021\/03\/image-4.png 600w, https:\/\/saratilman.nl\/wp-content\/uploads\/2021\/03\/image-4-300x189.png 300w\" sizes=\"auto, (max-width: 669px) 100vw, 669px\" \/><figcaption><a href=\"https:\/\/biologielessen.nl\/images\/Algemeen\/Vaardigheden\/De_microscoop\/Onderdelenvandemicroscoop2.jpg\">bron foto<\/a><\/figcaption><\/figure>\n\n\n\n<p><strong>Voor je begint<\/strong><br>Als je de microscoop oppakt hou je met \u00e9\u00e9n hand het statief vast en \u00e9\u00e9n hand onder de voet.  Zo heb je hem stevig vast en kan je niet per ongelijk iets kapot maken.<br>Je zet hem neer met het statief naar je toe.<\/p>\n\n\n\n<p>Voor je een preparaat op de microscoop legt controleer je eerst of de <span style=\"text-decoration: underline;\">tafel<\/span> helemaal naar beneden staat en de <span style=\"text-decoration: underline;\">kleinste lens<\/span> naar voren.<\/p>\n\n\n\n<p><strong>Kijken naar je preparaat<\/strong><br>Leg je preparaat op de tafel, tussen de preparaatklemmen. <\/p>\n\n\n\n<p>Met de knoppen aan de tafel kan je deze zo bewegen dat je preparaat onder de lens zit en boven de opening in de tafel.<\/p>\n\n\n\n<p>Zet het lampje aan. <br>Als het licht te vel is kan je dit aanpassen met het diafragma. Hoe verder je deze dicht doet, hoe minder licht er door valt.<\/p>\n\n\n\n<p>Kijk door het oculair om je preparaat te zien. Het oculair vergroot het beeld x10. Als je dus wilt weten wat de totale vergroting is doe je 10 x de vergroting van het objectief.<\/p>\n\n\n\n<p><strong>Het beeld scherpstellen<\/strong><br>Om je preparaat goed te kunnen zien moet je het beeld scherpstellen. Je begint altijd op de kleinste vergroting.<\/p>\n\n\n\n<p>Draai de tafel omhoog, met de grote stelschroef, tot je het beeld enigszins scherp ziet. Daarna draai je aan de fijne stelschroef om het beeld verder scherp te stellen.<\/p>\n\n\n\n<p>Met de knoppen aan de tafel kan je verschillende delen van het preparaat bekijken. Hierbij bewegen de tafel en het beeld wat je ziet in tegenovergestelde richting.<\/p>\n\n\n\n<p><strong>Verschillende vergrotingen<\/strong><br>Aan het revolver zitten vier objectieven of lenzen. van klein naar groot hebben deze de volgende vergrotingen: x4, x10, x40, x100<br>Wanneer je door de lens kijkt doe je deze vergroting x10. De totale vergroting is dus:<\/p>\n\n\n\n<ul class=\"wp-block-list\"><li>x40;<\/li><li>x100;<\/li><li>x400;<\/li><li>x1000.<\/li><\/ul>\n\n\n\n<p>Alleen bij de totale vergroting x40 en x100 mag je de tafel naar boven of beneden bewegen.<br>Bij de totale vergroting x400 en x1000 mag je <span style=\"text-decoration: underline;\">nooit<\/span> de tafel naar boven of beneden bewegen. De kans is dan namelijk heel groot dat je de lens door je preparaat een draait. Dan is je preparaat stuk en dit kan ook de lens beschadigen.<\/p>\n\n\n\n<p>Bij elke vergroting mag je de kleine stelschroef gebruiken om het beeld scherp te stellen.<\/p>\n","protected":false},"excerpt":{"rendered":"<p>Voor we met de microscoop kunnen werken moeten we eerst weten uit welke onderdelen hij bestaat.Op het plaatje staan alle onderdelen aangegeven. Misschien ziet de microscoop die jij gebruikt er anders uit. De onderdelen zullen waarschijnlijk wel hetzelfde zijn. Voor je begintAls je de microscoop oppakt hou je met \u00e9\u00e9n hand het statief vast en &hellip; <\/p>\n<p class=\"link-more\"><a href=\"https:\/\/saratilman.nl\/?page_id=173\" class=\"more-link\">Continue reading<span class=\"screen-reader-text\"> &#8220;Werken met de microscoop&#8221;<\/span><\/a><\/p>\n","protected":false},"author":1,"featured_media":0,"parent":0,"menu_order":0,"comment_status":"closed","ping_status":"closed","template":"","meta":{"footnotes":""},"class_list":["post-173","page","type-page","status-publish","hentry"],"_links":{"self":[{"href":"https:\/\/saratilman.nl\/index.php?rest_route=\/wp\/v2\/pages\/173","targetHints":{"allow":["GET"]}}],"collection":[{"href":"https:\/\/saratilman.nl\/index.php?rest_route=\/wp\/v2\/pages"}],"about":[{"href":"https:\/\/saratilman.nl\/index.php?rest_route=\/wp\/v2\/types\/page"}],"author":[{"embeddable":true,"href":"https:\/\/saratilman.nl\/index.php?rest_route=\/wp\/v2\/users\/1"}],"replies":[{"embeddable":true,"href":"https:\/\/saratilman.nl\/index.php?rest_route=%2Fwp%2Fv2%2Fcomments&post=173"}],"version-history":[{"count":6,"href":"https:\/\/saratilman.nl\/index.php?rest_route=\/wp\/v2\/pages\/173\/revisions"}],"predecessor-version":[{"id":205,"href":"https:\/\/saratilman.nl\/index.php?rest_route=\/wp\/v2\/pages\/173\/revisions\/205"}],"wp:attachment":[{"href":"https:\/\/saratilman.nl\/index.php?rest_route=%2Fwp%2Fv2%2Fmedia&parent=173"}],"curies":[{"name":"wp","href":"https:\/\/api.w.org\/{rel}","templated":true}]}}